z be (-34)/(-6) + (-6)/9. Suppose 0*l - z*x = -l, -2*l + 15 = 5*x. What is the remainder when 12 is divided by l?
2
Suppose 4*v + o - 112 = 4*o, -3*o + 13 = v. Let x = v + -10. What is the remainder when 44 is divided by x?
14
Let t(w) = 2*w - 10. Let y be (-15)/(-2) + (-4)/(-8). Let s be t(y). Suppose 0 = 4*f - 62 + s. What is the remainder when f is divided by 8?
6
Let f(b) = b + 34. Calculate the remainder when f(-10) is divided by 9.
6
Suppose -2*j = -j + 48. Let f = j - -70. Calculate the remainder when f is divided by 6.
4
Let b be (332/10)/((-1)/(-10)). Suppose 5*k - 12 = -b. What is the remainder when 20 is divided by k/(-6) + (-3)/(-9)?
9
Let y = -14 - -23. Suppose -4*v = -y*v + 15. Suppose 2*d - 30 = -v*s, s - 5*s + 40 = -d. Calculate the remainder when s is divided by 4.
2
Let j = 32 + -20. Calculate the remainder when 34 is divided by j.
10
Let t(z) = -7*z + 14. What is the remainder when t(-6) is divided by 29?
27
Suppose -q = -0*q. Suppose c + 3*x - 17 = 8*x, q = 2*c - 4*x - 22. Calculate the remainder when 13 is divided by c.
6
Let s(h) = 3*h - 1. Let q(g) = -g**3 + 4*g**2 - g - 2. Let d be q(3). Calculate the remainder when s(d) is divided by 4.
3
Let b(o) = -o**3 + 12*o**2 - 9*o + 7. Suppose 23 = 5*r - 397. What is the remainder when r is divided by b(11)?
26
Suppose -x + 68 = 3*x. What is the remainder when 67 is divided by x?
16
Let w be (0 - (0 - -1)) + -4. Let p(m) = 2 + 1 + 3*m - 7*m. What is the remainder when p(w) is divided by 12?
11
Let h = -11 + 16. Suppose s = 3 - h. What is the remainder when 262/5 + s/5 is divided by 18?
16
Let n be 0 + 2 + 0 - -3. Suppose -1 = 2*i + 7, -2*t = -n*i - 42. What is the remainder when 32 is divided by t?
10
Let a be (2 - 0)/2*-4. Let r be ((-8)/10)/(a/70). Let q = r + 3. What is the remainder when q is divided by 9?
8
Let y(u) be the first derivative of u**2/2 + 2*u + 1. Let k(f) = 2*f**3 - 3*f**2 - 2. Calculate the remainder when k(3) is divided by y(7).
7
Let a be (-50)/5 + (-2)/1. Calculate the remainder when 453/18 + 2/a is divided by 14.
11
Let h be (0 + 1)/((-2)/(-30)). Suppose -2*x - h = -5*x. What is the remainder when 19/2 - (-6)/(-4) is divided by x?
3
Let f(c) = -4*c**3 + 2*c**2 + 2*c + 1. Let d be f(-1). Suppose 0 = -o + u + 25, -d*o + 3*u = -0*o - 135. Calculate the remainder when o is divided by 8.
6
What is the remainder when (-5)/(-10)*(-1480)/(-5) is divided by 38?
34
Suppose 2*j = -0*j + 72. Suppose -2*w + 4*n + j = 0, 4*w - 84 = -3*n + 21. What is the remainder when w is divided by 13?
11
Let o(d) = -16*d - 3. Let n = -23 + -22. Let p = -30 - n. Calculate the remainder when o(-2) is divided by p.
14
Let y be (-91)/(-14)*(-1 - -3). Suppose -5*v - 3*g = -27, -3*v + 5*g - y = -6*v. What is the remainder when v is divided by 3?
0
Let n(l) = l**3 + 5*l**2 - l + 2. Let p(t) = -2*t**2 + 4*t - t**3 + 4*t**2 + t**2. Calculate the remainder when n(-4) is divided by p(3).
10
Let n be (-1 - (-57)/21)*7. Suppose 0*w - n = -4*w. Suppose 1 - 10 = w*j, 0 = -b - j + 10. Calculate the remainder when 24 is divided by b.
11
Let n(w) = -w**3 + 7*w**2 - 2*w - 1. Let c be n(7). Let l be (-377)/5 - 6/c. Let s = l + 107. Calculate the remainder when s is divided by 11.
10
Let x = 7 + 0. Let k = x - 10. Let l(q) = q**2 + q - 1. What is the remainder when l(k) is divided by 2?
1
Let x = 59 + -30. Calculate the remainder when x is divided by 17.
12
Let o(p) = -p + 9. Calculate the remainder when 69 is divided by o(-9).
15
Let o(d) = -d**2 - 5*d + 5. Let f be o(-5). Calculate the remainder when f/20 - 294/(-8) is divided by 19.
18
Let q be (-174)/(6/(-2)) - 1. Suppose 0*w - q = -3*w. Calculate the remainder when w is divided by 7.
5
Suppose -5*l + 4*q = -60, 9*q - 4*q = l - 33. Let y = -2 + l. Calculate the remainder when (-1)/((8/(-22))/4) is divided by y.
5
Let s = -1 + 23. Let h be (6 - 3) + -4 + 1. Suppose r = u + 13, h = -2*r - 5*u + 11 + 8. What is the remainder when s is divided by r?
10
Let o(g) = -g**3 - 10*g**2 - 8*g + 3. Let k be o(-9). Let q = 10 + k. Suppose -15 - 3 = -3*a. What is the remainder when a is divided by q?
2
Let z(h) = -h**3 - h**2 + 13. Let k be z(0). Let a = k + 22. Calculate the remainder when a is divided by 12.
11
Suppose -3 = j + s, -2*j + 5*s = -12 - 17. Let f = -1 - j. Let w = f + 14. What is the remainder when w is divided by 4?
3
Let n(l) = -9*l - 1. Suppose -s - 4*g + 10 = 0, 10*s + 1 = 5*s - 3*g. Calculate the remainder when 32 is divided by n(s).
15
Let x(g) = 3*g + 13. What is the remainder when x(5) is divided by 8?
4
Suppose 2*l + 3*l = -5*h + 370, -5*l = -3*h - 362. Let i = 44 - 7. Calculate the remainder when l is divided by i.
36
Suppose 18*i = 15*i + 54. What is the remainder when 107 is divided by i?
17
Let o be (3 - 0)/(6/4). Suppose -112 = -4*h + 4*g + 56, -o*g - 8 = 0. What is the remainder when h is divided by 10?
8
Let n = 15 - 10. Suppose n = 2*m - 21. Calculate the remainder when (-122)/(-5) + (-34)/85 is divided by m.
11
Let h = -4 - -20. What is the remainder when 31 is divided by h?
15
Let h(n) = -n**2 + 7*n + 1. Let j be h(6). Let b(g) = 0*g + 6*g - 2*g - j. Calculate the remainder when b(12) is divided by 14.
13
Let z(p) = -p**2 - p + 48. What is the remainder when 140 is divided by z(0)?
44
Let g(f) be the first derivative of -5*f**2/2 + f - 3. What is the remainder when 46 is divided by g(-3)?
14
Suppose -4*h - 54 = -5*d, d + 3*h - 17 = -d. Let m(g) = g + 1. What is the remainder when m(d) is divided by 3?
2
Suppose 0*j - 4*j + 24 = 0. Let h be (-60)/(-14) + j/(-21). Suppose -3*f = -h*f + 62. Calculate the remainder when f is divided by 21.
20
Suppose 2*h - 486 = -4*h. Calculate the remainder when h is divided by 30.
21
Suppose -60 = 2*k - u - 3*u, 2*u = -4*k - 150. Let s be (k/(-10) + -3)*5. Suppose s*y - 41 = 2*y. Calculate the remainder when y is divided by 14.
13
Calculate the remainder when (52/(-1))/(-1 + 0) is divided by 18.
16
Let v be (-4 - -5)*1*-1. Let d be 0 + (-34 - v)*-1. Suppose -4*l = 8, 2*l = 4*w + d - 101. Calculate the remainder when w is divided by 9.
7
Calculate the remainder when (-2)/(80/60*(-6)/244) is divided by 23.
15
Let w(t) = 2*t**2 + t + 16. Calculate the remainder when 62 is divided by w(0).
14
Let p(b) = b**3 - 6*b**2 - 5*b - 5. Calculate the remainder when p(8) is divided by 21.
20
Let q = -10 - -6. What is the remainder when ((-1)/(-1))/(q/(-212)) is divided by 14?
11
Let n(j) = -j**3 + 4*j**2 + 3*j. Let x be n(5). Let v = x + 15. Calculate the remainder when 7 is divided by v.
2
Let m = -13 - -30. Calculate the remainder when m is divided by 6.
5
Suppose 0 = -4*q - 5*j + 27, q - 5*j = 27 + 11. Suppose -r + x + 2 = 0, -3 = -r - x + 5. Calculate the remainder when q is divided by r.
3
Let x be (-1 - 2)*22/(-2). Let s = x + -26. What is the remainder when 12 is divided by s?
5
Let u = -29 - -12. Let z = 57 + u. Calculate the remainder when z is divided by 21.
19
Suppose 6*v = v - 50. Let j = 22 + v. What is the remainder when 47 is divided by j?
11
Let k(s) = -s**2 - 17*s - 4. What is the remainder when k(-16) is divided by 5?
2
Let b(t) = t + 2. Suppose x - 3*x = -12. What is the remainder when 136/x*15/10 is divided by b(7)?
7
Let d = 30 + -5. Suppose -d = -0*j - 2*j + h, 5*j = -h + 73. Calculate the remainder when 19 is divided by 136/j + 6/21.
9
Let i(n) = -6*n - 5. What is the remainder when i(-3) is divided by 4?
1
Let s(t) = t**3 + 5*t**2 + t + 2. What is the remainder when 39 is divided by s(-4)?
11
Suppose -2*v = -4 - 14. Suppose v + 9 = 2*f. What is the remainder when ((-8)/(-10))/(1/20) is divided by f?
7
Let o(m) = m**3 + 1. Let q be o(1). Suppose -q*k + 1 + 1 = 0. What is the remainder when 3 is divided by k?
0
Let r be (366/(-24))/((-1)/4). Suppose 4*w - r = 43. Calculate the remainder when w is divided by 14.
12
Suppose -2*d = -3*q - 4*d - 1, -4*q - 5*d = 13. Calculate the remainder when 69 is divided by q.
0
Let f(b) = b**2 + 6*b - 1. Let m be f(-3). Let x be 30/(-4) + (-1)/(-2). Let w = x - m. Calculate the remainder when 3 is divided by w.
0
Suppose 0 = -m + 4*j + 3 + 93, 4*m - 401 = -j. Suppose 5*z = -0*z + m. Calculate the remainder when 57 is divided by z.
17
Suppose 3*c = 21 - 9. Let o(t) = 2 + 3 - c*t + 11*t. What is the remainder when o(5) is divided by 21?
19
Suppose -g + 0